w**3 + 9*w + 11. Let a be h(f). Let g = 3 + 30. What is the greatest common divisor of a and g?
33
Let v(j) = -12*j**3 + 5*j**2 + 2*j + 5. Let x be v(-5). Calculate the greatest common divisor of 20 and x.
20
Let r(q) = -3*q + 2. Let y be r(3). Let t be (-15 - y)*(0 + 1). Let f be (162/(-4))/(3/t). Calculate the greatest common divisor of 12 and f.
12
Suppose -8*s - 127 = -135. Let y be 1/(-2 - (-2 - 1)). Calculate the highest common factor of y and s.
1
Let d(a) = a**2 - 1. Let p be d(3). Let o be (514/32)/(1/4) + 6/(-24). Calculate the greatest common divisor of p and o.
8
Let c = 96 - 52. Let b = -122 + 173. Suppose -5*t + b = v, t - c = -3*t - 4*v. What is the highest common divisor of t and 15?
5
Let v be 8/(-108) + (-1140)/(-81). What is the greatest common factor of 1694 and v?
14
Let m = 42 + -7. Suppose -4*f = -2*w + 14, 5*w - m = -0*w - f. What is the highest common divisor of w and 14?
7
Let r be (180/54)/(10/45). Let v be 93/6 - (-1)/2. Let w be 5*(v + -1 + 0). What is the highest common factor of r and w?
15
Let u(q) = q + 16. Let s be u(14). Suppose -25 - 5 = -2*b. What is the greatest common divisor of b and s?
15
Let g = 13 + -11. Suppose 2*m + 3*n - 9 = 0, -g*m = 2*m + 4*n - 24. What is the highest common factor of m and 9?
9
Let p(t) = -10*t - 300. Let w be p(-57). Calculate the greatest common divisor of 510 and w.
30
Let c = 46 + -26. Suppose b + 14 = -6*b. Let v be (7/(-21))/(b/(-1 - -25)). What is the greatest common divisor of v and c?
4
Let s be -58*((-60)/8 + -3). Suppose -3*m + 624 = 3*g, 3*m + s = 3*g - 15. Suppose 287 = 3*a - g. Calculate the greatest common factor of a and 15.
15
Let r be (-36)/(-7)*(10 + -3). Suppose 4*s = -4*n + r, -3*n + 2*s = -2*n + 6. Let l be 7 + (-2 - 0/n). What is the highest common factor of l and 40?
5
Suppose 251 = 4*n - 3*p, -n - 3*p = 3*n - 221. Let r = n + -48. What is the highest common divisor of r and 55?
11
Suppose 10*t = -161 + 931. What is the highest common divisor of t and 77?
77
Suppose -y - 162 = -4*i + 4*y, -4*i = -3*y - 158. Let b be 3*(30/(-9) - -4). Suppose 17 = b*c - 21. What is the highest common factor of c and i?
19
Let h(d) = -d**3 - 9*d**2 + 18*d - 5. Let j be h(-13). Let g = j + -233. What is the greatest common factor of g and 34?
34
Let v be ((-366)/(-427) - 11/21)*90. Let g be 50/4 - (-1)/(-2). Calculate the greatest common factor of v and g.
6
Let l(v) = 5*v - 79. Let k be l(16). What is the highest common divisor of 16 and k?
1
Let u = -301 - -312. Calculate the highest common divisor of 506 and u.
11
Let h be (0 - 47/5)*(-180)/36. Let z = h + 6. Calculate the highest common divisor of 159 and z.
53
Suppose -26*h - 10*h = -864. Calculate the greatest common divisor of h and 3.
3
Let m = -305 - -385. What is the greatest common divisor of 200 and m?
40
Suppose 0 = -r + 2*b + 20, -2*b + 22 = 4*r - 58. What is the highest common factor of r and 500?
20
Let x(k) = 481*k + 27. Let t be x(3). Calculate the highest common factor of 10 and t.
10
Let i(y) = 5*y - 23. Let k be i(3). Let w(q) = -4*q - 20. Let v be w(k). What is the greatest common factor of v and 8?
4
Let m(b) = 8*b**2 + 4. Let q be m(2). Suppose 2*w + 2*z = 18, 0 = 3*w + w + 3*z - 39. What is the greatest common divisor of w and q?
12
Let x(u) = u**3 + 15*u**2 - 187*u - 1. Let b be x(-23). Calculate the greatest common divisor of 8 and b.
4
Suppose -t + 3*b = -59, -t + 4*b = 2*b - 56. Let g = -47 + t. What is the highest common divisor of 6 and g?
3
Let y = 3073 + -2655. What is the greatest common divisor of y and 55?
11
Let g(v) = -v**2 + 35*v - 4*v - 21*v + 6. Let x be g(6). What is the highest common factor of x and 6?
6
Let b be ((-4)/(-6))/(2/33). Let y = b + -7. Suppose -a + 91 = -x, -y*a - 2*x + 359 = -7*x. What is the greatest common divisor of 12 and a?
12
Let v be (106/(-2))/((-7)/((-14)/(-2))). Calculate the greatest common factor of v and 212.
53
Let c(q) = 4*q - 103. Let l be c(27). Suppose 3*y - 31 = 134. Calculate the highest common factor of l and y.
5
Let l(q) = -q**2 + 5*q. Let y be l(3). Suppose 0 = -6*f + 6 + y. What is the greatest common divisor of 8 and f?
2
Suppose -7*d = -20 - 1. Suppose -d*f + 9 = 6*f. What is the highest common factor of 5 and f?
1
Let o = 61 - -56. Suppose -o = -g - 2*g. Let p = -28 + g. What is the greatest common factor of 77 and p?
11
Let n(w) = w**3 - 17 - 2*w + 4 + 9*w**2 - 4. Let i be n(-8). Calculate the greatest common factor of i and 7.
7
Let k = 651 - 645. Let b = 10 + -5. Suppose 3*v - 2*v - b = -u, -4*v = 5*u - 21. What is the greatest common factor of k and v?
2
Suppose 0 = -5*h - 5*f + 15, 0 = h + 3*f + 1 - 0. Suppose n = -4*s + h*s + 91, -2*s = 8. What is the highest common divisor of 58 and n?
29
Let i be -31*(-2 - 0 - -1). Calculate the greatest common factor of 31 and i.
31
Let q(r) = -5*r + 217. Let g be q(43). Let m = 28 - 6. What is the greatest common divisor of m and g?
2
Let y = -30 + 49. Let m(u) = u**3 + 3*u**2 + 2*u + 2. Let o be m(-3). Let i be o/14 - 1068/(-14). What is the greatest common divisor of y and i?
19
Suppose -724*w + 731*w = 56. Calculate the highest common factor of w and 1192.
8
Let t = -25 - -39. Suppose -3*z + 1 = -t. What is the highest common factor of 15 and z?
5
Let q(c) be the first derivative of c**4/4 + 4*c**3 - 15*c**2/2 - 4*c - 13. Let p be q(-13). What is the greatest common factor of p and 132?
22
Suppose 8*r - 4*r - 3*m - 1094 = 0, -1383 = -5*r - 4*m. What is the highest common factor of r and 50?
25
Let v = -94 + 124. Let n = -335 + 183. Let f = -107 - n. Calculate the greatest common factor of v and f.
15
Let w be 1/(2/9 + 404/(-1980)). What is the highest common factor of w and 33?
11
Suppose 2*v = 2*j + 46, 2*v = -3*v - 4*j + 79. Let x = 448 - 228. Suppose -3*b + 627 = 3*w, 3*b - w - x = 407. Calculate the greatest common divisor of v and b.
19
Let s be -45*((-84)/30 - -2). What is the greatest common factor of 84 and s?
12
Let t(h) = 11*h**2 - h + 8. Let p be t(-4). Calculate the highest common factor of p and 282.
94
Suppose 0 = -2*k, -8*j - 335 = -3*j + 4*k. Let q = 78 + j. What is the highest common factor of 1 and q?
1
Let b be (-26)/(-91)*(2 + 5). Let h(y) = y**3 + 2*y**2 - 4*y. Let g be h(b). What is the highest common factor of g and 88?
8
Suppose -s = w - 0*s - 5, 0 = -4*w - 3*s + 18. Suppose -5*k + 2*i = -452, -w*k - i = -101 - 168. Calculate the highest common divisor of k and 10.
10
Let n = 28 + -9. Let l = -16 + n. Suppose l*q - 246 = 39. Calculate the highest common factor of 19 and q.
19
Let h = 31 - 13. Let g be 4/(-14) + (-3177)/(-21). Suppose g = 3*j - 4*o, 4*o = j - 78 + 17. What is the highest common divisor of j and h?
9
Suppose -u + r + 21 = 0, 2*u - 54 = -r + 6*r. Calculate the greatest common factor of 459 and u.
17
Let p(h) = 16*h**2 + 22*h + 6. Let z be p(4). Suppose -2*x + 91 - 21 = 0. Calculate the greatest common factor of z and x.
35
Suppose 4*k - 33 = -l, -14 + 6 = -2*k. Let p be -1*((-2)/6 - 200/3). Suppose -p = -2*n - l. What is the greatest common divisor of n and 5?
5
Let k be (50/(-35))/(4/(-14)). Suppose -2*x + 2 = 0, 3*x - 16 - 37 = -k*t. Suppose 43 + 7 = 5*j. What is the greatest common divisor of j and t?
10
Let v be 12/66 + (-634)/(-22). Suppose -f = 5, 6*f - f - v = -2*x. Suppose -3*i - 51 = -5*g, 3*i + i = 4*g - 44. What is the greatest common divisor of x and g?
9
Let h be 3/2*(-120)/(-36). Let z be (-2)/(-3) - (-252)/27. Suppose n = -n + z. What is the greatest common divisor of n and h?
5
Suppose -o = 2*o - 105. Suppose 0 = 3*i - i - 6. Suppose 0 = 2*b + i*b - o. Calculate the greatest common divisor of 63 and b.
7
Let y be 3 - (5/(-15))/((-3)/(-153)). Let r = 64 + y. Let k(o) = 6*o - 8. Let u be k(6). What is the highest common divisor of u and r?
28
Suppose -4*d - 11 = o, o - 5*d - 6 = 28. Calculate the highest common divisor of 333 and o.
9
Suppose 5*u + 5*x - 95 = 0, -u - 5*x + 31 = -4. What is the highest common divisor of 1215 and u?
15
Suppose 44 = -4*z + 4*x, 0*x = 4*z - x + 56. Let s be (-339)/(-15) - z/(-25). Let m = -72 - -127. Calculate the greatest common factor of s and m.
11
Let v = 237 - 161. Suppose -4*i + 2*y + 342 = -v, 108 = i - 4*y. Let n = 20579 + -20566. Calculate the highest common divisor of i and n.
13
Let t be (-2 + 5)/(